3. What is i(5)?
7
Let j(f) = -f**3 + f**2 + f - 2. Determine j(-2).
8
Let x(k) = k**2 + 14*k + 30. Determine x(-12).
6
Let r(m) = 12*m - 689. Determine r(57).
-5
Let m(s) = s - 2. Calculate m(0).
-2
Let a(w) = 9*w + 4. Give a(-5).
-41
Let x(l) = -3*l**3 - l**2 - l - 2. Determine x(-2).
20
Let u(s) = -s + 16. Calculate u(-4).
20
Let r(w) = w**3 - 4*w**2 - w - 4. Calculate r(4).
-8
Let k(q) = -2*q**2 + 28*q - 6. Give k(14).
-6
Let i(o) = 2*o**3 + 2*o**2 - 4*o - 8. Determine i(-2).
-8
Let x(g) = g**3 + 3*g**2 + 5*g + 6. Give x(-4).
-30
Let s(v) = v**2 - 15*v + 49. Give s(12).
13
Let s(j) = -21*j + 2. Give s(-5).
107
Let l(t) = -t**2 - 14*t + 204. Calculate l(9).
-3
Let u(n) = 5*n + 10. Calculate u(-7).
-25
Let a(k) = 9*k + 87. Calculate a(-7).
24
Let t(g) = 4*g - 3. Calculate t(15).
57
Let v(y) = y**3 + 23*y**2 + 53*y - 144. What is v(-20)?
-4
Let p(d) = 2*d - 34. What is p(16)?
-2
Let x(u) = -u**3 + 8*u**2 + 7*u + 16. Determine x(9).
-2
Let u(z) = z**3 - 11*z**2 + 11*z - 8. Give u(10).
2
Let p(o) = -o**2 - 11*o + 13. Calculate p(-10).
23
Let r(x) = -x**3 - 12*x**2 + x - 5. Give r(-12).
-17
Let m(f) = f**2 + 14*f + 6. Give m(-13).
-7
Let n(m) = -6*m**2 + m. Give n(1).
-5
Let w(l) = -7*l - 52. Determine w(-9).
11
Let s(l) = l + 31. Calculate s(-15).
16
Let x(c) = -c**3 - 6*c**2 + c - 6. Calculate x(-6).
-12
Let a(z) = z**2 + 6*z + 2. What is a(-5)?
-3
Let u(k) = -7*k + 90. Give u(13).
-1
Let u(g) = -16*g + 2. Give u(2).
-30
Let s(x) = x**2 + 47*x - 714. Determine s(12).
-6
Let w(z) = 3*z - 5. Give w(5).
10
Let w(m) = 2*m + 32. Calculate w(-18).
-4
Let n(y) = -y**3 + 12*y**2 + 14*y - 8. Give n(13).
5
Let j(g) = 38*g - 291. Calculate j(8).
13
Let n(i) = 3*i**2 - 8*i + 10. Calculate n(4).
26
Let m(j) = -j**3 + 3*j - 2. Determine m(4).
-54
Let u(m) = m**2 - 5*m - 55. What is u(-8)?
49
Let n(p) = 3*p - 54. Determine n(19).
3
Let k(v) = 7*v + 49. Give k(6).
91
Let w(g) = g**2 + 36*g + 188. Determine w(-7).
-15
Let g(n) = n**2 - n + 6. Calculate g(3).
12
Let r(w) = -44*w**2 + w. What is r(-1)?
-45
Let h(t) = -12*t - 2. Give h(-5).
58
Let m(d) = -d**3 - d - 11. Calculate m(0).
-11
Let v(n) = 2*n**2 - 9*n - 14. What is v(6)?
4
Let r(a) = -36*a**3 - a**2. Give r(1).
-37
Let z(b) = -21*b + 2. What is z(3)?
-61
Let y(r) = -2*r - 3. Determine y(3).
-9
Let a(b) = b + 2. Calculate a(-3).
-1
Let j(f) = -f**3 + 24*f**2 + 25*f + 7. Determine j(25).
7
Let j(a) = a**3 - 7*a**2 - 2*a + 2. Determine j(7).
-12
Let s(w) = w**2 - 10*w + 15. Determine s(8).
-1
Let b(o) = o**3 + 8*o**2 - 10*o - 14. Determine b(-9).
-5
Let g(t) = 9*t**2 + 4*t + 32. Give g(-4).
160
Let h(d) = d**3 + 11*d**2 - 10*d + 16. What is h(-12)?
-8
Let q(i) = i**2 - 4*i - 3. Give q(3).
-6
Let k(r) = -r**2 - 10*r + 13. Calculate k(-12).
-11
Let k(i) = 10*i**2 + 5*i + 7. Determine k(-3).
82
Let n(q) = -q**3 - 18*q**2 + 148*q + 90. Calculate n(-24).
-6
Let v(f) = 36*f - 426. What is v(12)?
6
Let f(m) = -19*m + 1. Determine f(-1).
20
Let s(t) = t**3 - 52*t**2 + 53*t - 121. Determine s(51).
-19
Let c(y) = -2*y**3 - 15*y**2 - 11*y - 22. Determine c(-7).
6
Let m(d) = 2*d**2 - 2. Give m(-3).
16
Let a(t) = t**3 - 7*t**2 + 9*t + 17. What is a(4)?
5
Let d(h) = h**2 - 14*h + 6. What is d(13)?
-7
Let w(x) = 3*x + 8. What is w(-4)?
-4
Let l(p) = p**3 + 4*p**2 - 14*p - 42. Give l(-6).
-30
Let p(d) = -d**3 + 12*d**2 + 13*d - 5. Determine p(13).
-5
Let w(a) = a**2 - 4*a. Calculate w(5).
5
Let c(a) = -a**2 + 37*a - 11. Give c(38).
-49
Let r(n) = n**2 + 10*n + 6. Determine r(-8).
-10
Let z(r) = 4*r - 7. Calculate z(6).
17
Let l(u) = -2*u**3 - 7*u**2 + 8*u - 29. Determine l(-5).
6
Let z(m) = m**2 + 13*m - 503. What is z(-30)?
7
Let q(k) = 4*k**2 - k. Determine q(-2).
18
Let s(x) = 3*x. Give s(1).
3
Let r(c) = -3*c + 1. Give r(3).
-8
Let l(h) = h**3 - 9*h**2 + 4*h + 22. What is l(8)?
-10
Let n(u) = -2*u**2 - 35*u - 21. Calculate n(-17).
-4
Let x(t) = -13*t - 49. Calculate x(-5).
16
Let s(x) = 4*x**2 + 5*x + 1. Give s(-3).
22
Let f(c) = c**2 - 11*c - 6. Calculate f(8).
-30
Let k(z) = -z**2 + 6*z - 1. Calculate k(4).
7
Let x(q) = -2*q**3 - 27*q**2 + 19*q - 42. What is x(-14)?
-112
Let k(t) = -t**3 + 9*t**2 + 12*t - 26. Calculate k(10).
-6
Let i(f) = -2*f + 42. Determine i(23).
-4
Let s(h) = 5*h**2 + 7*h + 3. Give s(-3).
27
Let o(a) = -a**2 - 4*a - 16. What is o(0)?
-16
Let m(q) = 5*q + 11. What is m(-7)?
-24
Let o(a) = -a**3 + 10*a**2 - 20*a + 8. Determine o(3).
11
Let f(v) = -2*v**3 + 10*v**2 - 7*v + 6. Give f(4).
10
Let s(j) = 7*j - 4. Determine s(-5).
-39
Let y(w) = -55*w - 273. Calculate y(-5).
2
Let s(q) = -q**3 - 12*q**2 - 11*q + 9. Give s(-11).
9
Let a(o) = -2*o**2 + 4*o - 4. Give a(2).
-4
Let o(u) = -8*u**2 - u. Give o(1).
-9
Let z(y) = -y**3 - 4*y**2 + 12*y + 7. Determine z(-6).
7
Let u(i) = -5*i - 5. Give u(3).
-20
Let x(b) = -2*b + 42. Calculate x(16).
10
Let z(y) = -y + 17. Calculate z(7).
10
Let g(h) = -h**3 + 7*h**2 - 23*h + 24. What is g(3)?
-9
Let m(r) = -2*r**3 - 2*r + 3. What is m(2)?
-17
Let b(s) = s - 61. Calculate b(-13).
-74
Let h(f) = -f**3 + 10*f**2 - 7*f - 8. Calculate h(9).
10
Let c(j) = -3*j**3 + j**2 - j - 2. Determine c(-2).
28
Let b(y) = y**2 - 36*y + 100. Determine b(30).
-80
Let i(k) = -2*k**3 - 68*k**2 - 2*k - 73. Give i(-34).
-5
Let u(o) = -o**3 - 6*o**2 + 3*o + 11. Give u(-6).
-7
Let m(k) = -2*k**2 - k + 2. What is m(-2)?
-4
Let d(a) = -a**2 - 23*a + 47. What is d(-26)?
-31
Let l(x) = -x**2 - 4*x + 10. What is l(-5)?
5
Let q(h) = -8*h**2 - 9*h - 3. Calculate q(-4).
-95
Let l(o) = -9*o + 14. Calculate l(5).
-31
Let r(f) = 4*f + 112. What is r(-27)?
4
Let f(u) = u**2 + 30*u + 182. Give f(-22).
6
Let r(h) = 7*h + 25. Determine r(-2).
11
Let x(m) = -3*m**2 - 6*m - 2. Determine x(4).
-74
Let o(j) = j + 44. Determine o(-26).
18
Let j(x) = -4*x**2 + 15*x - 14. What is j(1)?
-3
Let i(a) = a**2 + 8*a - 227. Calculate i(-20).
13
Let b(o) = 19*o - 19. What is b(3)?
38
Let u(g) = 4*g**3 + 3*g**2 + 7*g + 5. Give u(-2).
-29
Let d(l) = -l**2 - 8*l - 2. What is d(-7)?
5
Let x(j) = -j**3 - 3*j**2 - 7*j - 3. Determine x(-2).
7
Let c(o) = -o**3 - 6*o**2 - o - 3. Give c(-6).
3
Let l(o) = -o**3 - 3*o**2 - 10*o - 28. Calculate l(-3).
2
Let a(u) = -33*u**2 - 2*u - 1. Give a(-1).
-32
Let n(f) = 21*f - 105. Give n(3).
-42
Let w(z) = z - 26. What is w(-15)?
-41
Let n(w) = -12*w + 139. What is n(11)?
7
Let h(u) = u**2 - 11*u + 25. Determine h(8).
1
Let s(a) = a**3 + 12*a**2 + 9*a + 4. Give s(-11).
26
Let w(t) = t**2 - 11*t + 26. What is w(8)?
2
Let w(u) = 68*u**2 + 1. Calculate w(-1).
69
Let u(v) = -v - 2. Calculate u(-11).
9
Let g(m) = -m**3 - m**2 - 2*m - 38. Determine g(0).
-38
Let m(n) = -3*n + 15. What is m(-11)?
48
Let i(p) = -p**3 - 6*p**2 + 14*p - 5. Calculate i(-8).
11
Let t(u) = u + 14. Calculate t(11).
25
Let o(f) = -f**2 + 3*f + 61. What is o(-7)?
-9
Let z(a) = a**3 + 19*a**2 + 34*a - 35. What is z(-17)?
-35
Let c(a) = -a**3 + 13*a**2 - 27*a + 50. Determine c(11).
-5
Let a(n) = -n**2 - 6*n + 18. Determine a(-7).
11
Let r(j) = j - 1. Determine r(-10).
-11
Let g(p) = p**2 - 5*p - 31. Calculate g(12).
53
Let w(m) = -m**2 - 2*m + 7. Give w(3).
-8
Let d(c) = -2*c**2 + c + 55. What is d(-5)?
0
Let g(a) = -a**2 - 6*a. Determine g(7).
-91
Let n(d) = -3*d + 87. Give n(27).
6
Let t(g) = 3*g - 15. Determine t(7).
6
Let s(m) = 12*m**2 - 8*m - 5. Give s(-1).
15
Let z(r) = 2*r + 10. Give z(-1).
8
Let k(b) = -b**2 - 24*b - 18. What is k(-23)?
5
Let z(s) = s**3 + 4*s**2 - 3*s - 5. Determine z(-4).
7
Let s(c) = -26*c - 394. Determine s(-15).
-4
Let h(y) = -6*y**3 + 7*y**2 + 7*y - 9. What is h(2)?
-15
Let l(f) = f**2 + 15*f + 4. Determine l(-14).
-10
Let u(i) = -13*i - 58. Calculate u(-3).
-19
Let b(p) = 11*p + 7. What is b(-2)?
-15
Let z(h) = h**3 + 17*h**2 - 40*h - 35. Determine z(-19).
3
Let v(z) = -6*z - 227. Calculate v(-35).
-17
Let i(w) = -7*w + 14. Determine i(14).
-84
Let d(l) = -2*l**2 + 4*l - 5. Determine d(3).
-11
Let h(t) = -t**3 + 13*t**2 - 13*t + 16. Determine h(12).
4
Let y(w) = -2*w**2 + 7*w + 22. Determine y(7).
-27
Let t(k) = -3*k + 3. Determine t(3).
-6
Let t(q) = -3*q**2 - 27*q - 19. What is t(-8)?
5
Let q(l) = -l - 5. Determine q(-6).
1
Let n(u) = -u**2 - 4*u + 55. What is n(-9)?
10
Let t(g) = -g**3 - 13*g**2 + g + 4. What is t(-13)?
-9
Let t(l) = -l**2 - 16*l - 11. What is t(-13)?
28
Let q(d) =